at are the prime factors of 2355?
3, 5, 157
List the prime factors of 599.
599
List the prime factors of 1221.
3, 11, 37
List the prime factors of 15480.
2, 3, 5, 43
List the prime factors of 1918.
2, 7, 137
What are the prime factors of 1428?
2, 3, 7, 17
List the prime factors of 1771.
7, 11, 23
List the prime factors of 3313.
3313
List the prime factors of 603.
3, 67
List the prime factors of 1033.
1033
List the prime factors of 2923.
37, 79
What are the prime factors of 2981?
11, 271
What are the prime factors of 58346?
2, 29173
List the prime factors of 15300.
2, 3, 5, 17
What are the prime factors of 1215?
3, 5
What are the prime factors of 26353?
19, 73
What are the prime factors of 157?
157
List the prime factors of 1474.
2, 11, 67
List the prime factors of 12362.
2, 7, 883
List the prime factors of 13323.
3, 4441
What are the prime factors of 653?
653
What are the prime factors of 436?
2, 109
List the prime factors of 1096.
2, 137
List the prime factors of 27448.
2, 47, 73
List the prime factors of 1075.
5, 43
List the prime factors of 14303.
14303
What are the prime factors of 5456?
2, 11, 31
List the prime factors of 4707.
3, 523
What are the prime factors of 11298?
2, 3, 7, 269
List the prime factors of 53136.
2, 3, 41
List the prime factors of 1276.
2, 11, 29
What are the prime factors of 12365?
5, 2473
List the prime factors of 2264.
2, 283
What are the prime factors of 18841?
83, 227
What are the prime factors of 13289?
97, 137
What are the prime factors of 86148?
2, 3, 2393
What are the prime factors of 768?
2, 3
List the prime factors of 4656.
2, 3, 97
List the prime factors of 4894.
2, 2447
List the prime factors of 541.
541
What are the prime factors of 21272?
2, 2659
What are the prime factors of 44246?
2, 22123
List the prime factors of 2958.
2, 3, 17, 29
List the prime factors of 80489.
80489
List the prime factors of 3753.
3, 139
What are the prime factors of 24988?
2, 6247
List the prime factors of 1454.
2, 727
What are the prime factors of 4300?
2, 5, 43
What are the prime factors of 452?
2, 113
List the prime factors of 4709.
17, 277
List the prime factors of 6424.
2, 11, 73
What are the prime factors of 20791?
17, 1223
What are the prime factors of 3991?
13, 307
List the prime factors of 25964.
2, 6491
What are the prime factors of 4198?
2, 2099
What are the prime factors of 7093?
41, 173
List the prime factors of 107116.
2, 61, 439
List the prime factors of 1481.
1481
What are the prime factors of 2463?
3, 821
What are the prime factors of 10207?
59, 173
What are the prime factors of 2730?
2, 3, 5, 7, 13
What are the prime factors of 8052?
2, 3, 11, 61
List the prime factors of 182802.
2, 3, 30467
What are the prime factors of 4559?
47, 97
What are the prime factors of 19007?
83, 229
List the prime factors of 12956.
2, 41, 79
What are the prime factors of 1238?
2, 619
What are the prime factors of 10967?
11, 997
List the prime factors of 21530.
2, 5, 2153
What are the prime factors of 1213?
1213
What are the prime factors of 86733?
3, 23, 419
What are the prime factors of 33487?
33487
List the prime factors of 103501.
29, 43, 83
What are the prime factors of 514?
2, 257
What are the prime factors of 756?
2, 3, 7
What are the prime factors of 16642?
2, 53, 157
List the prime factors of 586.
2, 293
What are the prime factors of 16248?
2, 3, 677
List the prime factors of 1203.
3, 401
What are the prime factors of 58888?
2, 17, 433
List the prime factors of 1492.
2, 373
List the prime factors of 6073.
6073
What are the prime factors of 94409?
7, 13487
What are the prime factors of 13482?
2, 3, 7, 107
List the prime factors of 52264.
2, 47, 139
List the prime factors of 19689.
3, 6563
What are the prime factors of 7359?
3, 11, 223
What are the prime factors of 1092?
2, 3, 7, 13
List the prime factors of 362.
2, 181
What are the prime factors of 345?
3, 5, 23
What are the prime factors of 331?
331
List the prime factors of 5147.
5147
List the prime factors of 8719.
8719
What are the prime factors of 3566?
2, 1783
List the prime factors of 3906.
2, 3, 7, 31
List the prime factors of 35174.
2, 43, 409
List the prime factors of 4187.
53, 79
What are the prime factors of 1187?
1187
What are the prime factors of 95443?
95443
What are the prime factors of 11955?
3, 5, 797
List the prime factors of 2620.
2, 5, 131
List the prime factors of 1825.
5, 73
What are the prime factors of 83702?
2, 41851
What are the prime factors of 3522?
2, 3, 587
List the prime factors of 37281.
3, 17, 43
List the prime factors of 8668.
2, 11, 197
List the prime factors of 6578.
2, 11, 13, 23
What are the prime factors of 816?
2, 3, 17
What are the prime factors of 5011?
5011
List the prime factors of 10119.
3, 3373
List the prime factors of 7913.
41, 193
What are the prime factors of 8910?
2, 3, 5, 11
What are the prime factors of 3801?
3, 7, 181
List the prime factors of 9577.
61, 157
What are the prime factors of 5607?
3, 7, 89
What are the prime factors of 17165?
5, 3433
List the prime factors of 125933.
125933
What are the prime factors of 12917?
12917
List the prime factors of 19947.
3, 61, 109
What are the prime factors of 16062?
2, 3, 2677
What are the prime factors of 2708?
2, 677
List the prime factors of 20667.
3, 83
List the prime factors of 10471.
37, 283
What are the prime factors of 2819?
2819
What are the prime factors of 22271?
22271
What are the prime factors of 1663?
1663
What are the prime factors of 4113?
3, 457
What are the prime factors of 1681?
41
List the prime factors of 8687.
7, 17, 73
What are the prime factors of 13568?
2, 53
What are the prime factors of 846?
2, 3, 47
List the prime factors of 1264.
2, 79
List the prime factors of 2344.
2, 293
What are the prime factors of 1624?
2, 7, 29
List the prime factors of 71151.
3, 37, 641
What are the prime factors of 8653?
17, 509
List the prime factors of 715.
5, 11, 13
List the prime factors of 2636.
2, 659
List the prime factors of 76245.
3, 5, 13, 17, 23
What are the prime factors of 3424?
2, 107
What are the prime factors of 58557?
3, 131, 149
List the prime factors of 6152.
2, 769
What are the prime factors of 8?
2
What are the prime factors of 122?
2, 61
List the prime factors of 38152.
2, 19, 251
List the prime factors of 504.
2, 3, 7
List the prime factors of 10953.
3, 1217
List the prime factors of 13071.
3, 4357
List the prime factors of 1620.
2, 3, 5
List the prime factors of 247.
13, 19
List the prime factors of 3133.
13, 241
What are the prime factors of 8417?
19, 443
What are the prime factors of 10251?
3, 17, 67
List the prime factors of 51332.
2, 41, 313
List the prime factors of 64108.
2, 11, 31, 47
List the prime factors of 3518.
2, 1759
List the prime factors of 554.
2, 277
What are the prime factors of 52680?
2, 3, 5, 439
What are the prime factors of 105570?
2, 3, 5, 17, 23
What are the prime factors of 45860?
2, 5, 2293
List the prime factors of 1437.
3, 479
What are the prime factors of 12070?
2, 5, 17, 71
List the prime factors of 1937.
13, 149
What are the prime factors of 3250?
2, 5, 13
What are the prime factors of 63995?
5, 12799
List the prime factors of 13242.
2, 3, 2207
List the prime factors of 3787.
7, 541
List the prime factors of 992.
2, 31
List the prime factors of 1198.
2, 599
List the prime factors of 32189.
32189
List the prime factors of 4463.
4463
List the prime factors of 9056.
2, 283
What are the prime factors of 56087?
56087
What are the prime factors of 4629?
3, 1543
What are the prime factors of 6376?
2, 797
List the prime factors of 796.
2, 199
What are the prime factors of 42265?
5, 79, 107
What are the prime factors of 44812?
2, 17, 659
What are the prime factors of 289?
17
What are the prime factors of 1528?
2, 191
What are the prime factors of 9977?
11, 907
List the prime factors of 8576.
2, 67
What are the prime factors of 7433?
7433
List the prime factors of 21598.
2, 10799
List the prime factors of 1213.
1213
What are the prime factors of 21425?
5, 857
List the prime factors of 1648.
2, 103
List the prime factors of 2933.
7, 419
List the prime factors of 1225.
5, 7
List the prime factors of 388.
2, 97
List the prime factors of 960.
2, 3, 5
List the prime factors of 9792.
2, 3, 17
List the prime factors of 1602.
2, 3, 89